{"id":390,"date":"2008-02-13T05:04:58","date_gmt":"2008-02-13T04:04:58","guid":{"rendered":"http:\/\/www.pauljorion.com\/blog\/?page_id=390"},"modified":"2025-09-29T19:10:44","modified_gmt":"2025-09-29T17:10:44","slug":"a-propos","status":"publish","type":"page","link":"https:\/\/www.pauljorion.com\/blog\/a-propos\/","title":{"rendered":"<b>Qui est Paul Jorion ?<\/b>"},"content":{"rendered":"<p>Paul Jorion est, depuis le 1<sup>er<\/sup> mars 2016, Professeur associ\u00e9 des facult\u00e9s de l\u2019Universit\u00e9 Catholique de Lille. Il est depuis juin 2022, Pr\u00e9sident de la start-up d&rsquo;Intelligence Artificielle, Pribor.io. Il est \u00e9galement chroniqueur au magazine\u00a0<em>Quinzaines<\/em>.<\/p>\n<p>Paul Jorion a fait partie autrefois du Haut comit\u00e9 pour l\u2019avenir du secteur financier belge ainsi que du Groupe de r\u00e9flexion sur l\u2019\u00e9conomie positive dirig\u00e9 par Jacques Attali. Il est dipl\u00f4m\u00e9 en sociologie et en anthropologie sociale (docteur en Sciences Sociales de l\u2019Universit\u00e9 Libre de Bruxelles) : il fut l\u2019\u00e9l\u00e8ve \u00e0 Paris de <a href=\"https:\/\/fr.wikipedia.org\/wiki\/Claude_L%C3%A9vi-Strauss\">Claude L\u00e9vi-Strauss<\/a> (Coll\u00e8ge de France) et du math\u00e9maticien <a href=\"https:\/\/fr.wikipedia.org\/wiki\/Georges-Th%C3%A9odule_Guilbaud\">Georges-Th\u00e9odule Guilbaud<\/a> (\u00c9cole Pratique des Hautes \u00c9tudes) et \u00e0 Cambridge, de <a href=\"https:\/\/fr.wikipedia.org\/wiki\/Meyer_Fortes\">Meyer Fortes<\/a> et de <a href=\"https:\/\/fr.wikipedia.org\/wiki\/Edmund_Leach\">Sir Edmund Leach<\/a>, tous deux \u00e9l\u00e8ves de <a href=\"https:\/\/fr.wikipedia.org\/wiki\/Bronis%C5%82aw_Malinowski\">Bronislaw Malinowski<\/a>, le p\u00e8re fondateur de l\u2019anthropologie sociale britannique. Il a acquis par ailleurs une formation de psychanalyste (freudien et lacanien) aupr\u00e8s du psychanalyste et philosophe j\u00e9suite <a href=\"http:\/\/www.oedipe.org\/annonces\/20110904\/deces-de-philippe-julien\">Philippe Julien<\/a>.<\/p>\n<p>Jorion a enseign\u00e9 l\u2019anthropologie sociale aux universit\u00e9s de Bruxelles (1977\/79), Cambridge (1979\/84), et \u00e0 l\u2019Universit\u00e9 de Californie \u00e0 Irvine (UCI) o\u00f9 il fut <em>Regents Lecturer<\/em> (1997), et \u00e0 Paris VIII (1985\/86) o\u00f9 il enseigna la psychanalyse. Il a r\u00e9solu \u00e0 cette \u00e9poque, en collaboration avec Sir Edmund Leach et de deux math\u00e9maticiennes (Elaine Lally et Gis\u00e8le De Meur), deux \u00e9nigmes en alg\u00e8bre de la parent\u00e9\u00a0: les cas des Pende du Kasa\u00ef (RDC) et des Murngin australiens. Il a fait partie du groupe de r\u00e9flexion Human Complex Systems de l\u2019Universit\u00e9 de Californie \u00e0 Los Angeles (UCLA) de 2004 \u00e0 2009.<\/p>\n<p>Jorion a \u00e9galement \u00e9t\u00e9 fonctionnaire des Nations-Unies (FAO), participant \u00e0 des projets de d\u00e9veloppement en Afrique (1984\/87). Il a \u00e9t\u00e9 chercheur et d\u00e9veloppeur en Intelligence Artificielle en tant que membre du <em>Connex project<\/em> des British Telecom (1987\/90), au cours duquel il a mis au point le logiciel ANELLA (<em>Associative Network with Emergent Logical and Learning Abilities<\/em>) dont l\u2019originalit\u00e9 r\u00e9sidait dans un mod\u00e8le de m\u00e9moire anim\u00e9 par une dynamique d\u2019affect op\u00e9rant sur l\u2019univers des mots du lexique, dans une perspective inspir\u00e9e par sa formation psychanalytique.<\/p>\n<p>Jorion a travaill\u00e9 (1998\/2007) dans le milieu bancaire am\u00e9ricain en tant que sp\u00e9cialiste de la formation des prix. Il avait pr\u00e9alablement \u00e9t\u00e9 trader sur le march\u00e9 des futures dans une banque fran\u00e7aise (1990\/91). Il a publi\u00e9 un ouvrage en anglais relatif aux r\u00e9percussions pour les march\u00e9s boursiers de la faillite de la compagnie Enron :\u00a0<em>Investing in a Post-Enron World\u00a0<\/em>(McGraw-Hill 2003). Il a jou\u00e9 un r\u00f4le pionnier dans le d\u00e9veloppement du <em>trading<\/em> \u00e0 haute fr\u00e9quence (\u00e0 la Banque de l\u2019Union europ\u00e9enne \u00e0 Paris, puis au sein du <em>hedge fund<\/em> <a href=\"https:\/\/www.wsj.com\/articles\/former-high-speed-trading-executives-allege-tyrannical-coup-at-quantlab-1533115800\" target=\"_blank\" rel=\"noopener noreferrer\">Frontier<\/a> \u00e0 Houston au Texas), ainsi que la mise au point du logiciel <a href=\"http:\/\/www.banktech.com\/channels\/indymac-bank-sticks-with-the-click-\/d\/d-id\/1288895?\">e-MITS<\/a>, syst\u00e8me enti\u00e8rement automatis\u00e9 d\u2019allocation de pr\u00eats au logement dans le cadre de la banque californienne IndyMac (1998\/2002).<\/p>\n<p>Dans <em>La crise du capitalisme am\u00e9ricain<\/em> (La D\u00e9couverte 2007), Jorion fut l\u2019un des tr\u00e8s rares \u00e0 pr\u00e9dire une crise financi\u00e8re et \u00e9conomique majeure dont le march\u00e9 am\u00e9ricain du pr\u00eat au logement <em>subprime<\/em> serait l\u2019origine. Il b\u00e9n\u00e9ficia alors d\u2019une renomm\u00e9e instantan\u00e9e.<\/p>\n<p>Dans <em>L\u2019argent, mode d\u2019emploi<\/em> (Fayard 2009), Jorion s\u2019est employ\u00e9, dans un expos\u00e9 minutieux, \u00e0 d\u00e9monter et \u00e0 r\u00e9futer le mythe de l\u2019argent cr\u00e9\u00e9 <em>ex nihilo<\/em> par les banques commerciales.<\/p>\n<p>Dans <em>Comment la v\u00e9rit\u00e9 et la r\u00e9alit\u00e9 furent invent\u00e9es<\/em> (Gallimard 2009), Jorion, puisant dans l\u2019histoire des sciences, a dress\u00e9 un portrait d\u00e9taill\u00e9 de l\u2019apparition de ces deux concepts dans l\u2019histoire de l\u2019humanit\u00e9.<\/p>\n<p>Dans <em>Penser tout haut l\u2019\u00e9conomie avec Keynes <\/em>(Odile Jacob 2015), apr\u00e8s avoir pr\u00e9sent\u00e9 l\u2019ensemble des travaux de l\u2019\u00e9conomiste britannique, Jorion a tent\u00e9 de compl\u00e9ter son \u0153uvre l\u00e0 o\u00f9 sa th\u00e9orisation lui paraissait mal \u00e9tay\u00e9e, en particulier dans l\u2019explication de la formation des taux d\u2019int\u00e9r\u00eat.<\/p>\n<p>En 2017, dans <em>Vers un nouveau monde<\/em>\u00a0(La Renaissance du Livre) Jorion a pr\u00e9sent\u00e9 un programme politique complet dont les points saillants \u00e9taient sa proposition d\u2019une taxe \u00ab\u00a0Sismondi\u00a0\u00bb sur la productivit\u00e9 des machines (que la presse avait popularis\u00e9e sous le nom de \u00ab\u00a0taxe-robot\u00a0\u00bb), ainsi qu\u2019un projet approfondi de gratuit\u00e9 pour l\u2019indispensable.<\/p>\n<p>Dans\u00a0<em>\u00c0 quoi bon penser \u00e0 l\u2019heure du grand collapse ?\u00a0<\/em>(Fayard 2017), un livre d\u2019entretiens avec Frank Cormerais et Jacques Athanase Gilbert, Jorion a r\u00e9pondu aux questions de ces deux universitaires fran\u00e7ais, proches du philosophe Bernard Stiegler, portant sur ses contributions les plus originales dans les domaines de l\u2019\u00e9conomie (la r\u00e9surrection du mod\u00e8le de la formation des prix d\u2019Aristote et sa mise \u00e0 jour dans le monde contemporain), de la psychologie (un mod\u00e8le de la conscience comme m\u00e9canisme annexe de la m\u00e9moire), de la philosophie des sciences (une hypoth\u00e8se relative \u00e0 la diff\u00e9rence entre les pens\u00e9es occidentale et orientale fond\u00e9e sur les diff\u00e9rents types d\u2019encha\u00eenement des id\u00e9es), ainsi que, de mani\u00e8re g\u00e9n\u00e9rale, sur le r\u00f4le qu\u2019il a jou\u00e9 personnellement dans l\u2019extension des techniques num\u00e9riques et leur interpr\u00e9tation.<\/p>\n<p>Dans <em>Le dernier qui s&rsquo;en va \u00e9teint la lumi\u00e8re<\/em> (Fayard 2016), <em>D\u00e9fense et illustration du genre humain<\/em> (Fayard 2018) et, en collaboration avec Vincent Burnand-Galpin, dans <em>Comment sauver le genre humain <\/em>(Fayard 2020), Jorion a envisag\u00e9 l\u2019extinction \u00e9ventuelle de notre esp\u00e8ce et a pass\u00e9 en revue les moyens \u00e0 mobiliser pour un indispensable sursaut, proposant \u00e0 cette occasion une analyse approfondie de l\u2019id\u00e9ologie <em>transhumaniste<\/em>.<\/p>\n<p>Contact : <a href=\"mailto:pauljorion@gmail.com\">pauljorion@gmail.com<\/a><\/p>\n<p>Paul Jorion sur Wikipedia <a href=\"http:\/\/fr.wikipedia.org\/wiki\/Paul_Jorion\" target=\"_blank\" rel=\"noopener noreferrer\">en fran\u00e7ais<\/a> (essayiste) et <a href=\"https:\/\/en.wikipedia.org\/wiki\/Paul_Jorion\" target=\"_blank\" rel=\"noopener noreferrer\">en anglais<\/a> (scientifique).<\/p>\n<p>Un portrait, le 25 mai 2017<\/p>\n<p><iframe loading=\"lazy\" src=\"https:\/\/www.youtube.com\/embed\/v_yqRXTWBpY\" width=\"700\" height=\"394\" frameborder=\"0\" allowfullscreen=\"allowfullscreen\"><\/iframe><\/p>\n<p>Sur <strong><a href=\"https:\/\/www.youtube.com\/channel\/UCO15ffiBLHHdfQui27Sb58A\" target=\"_blank\" rel=\"noopener noreferrer\">Horschamp.org<\/a> <\/strong>.<\/p>\n<p><iframe loading=\"lazy\" src=\"https:\/\/www.youtube.com\/embed\/6sWeaJ5vZqg\" width=\"700\" height=\"394\" frameborder=\"0\" allowfullscreen=\"allowfullscreen\"><\/iframe><\/p>\n<p>Sur <strong><a href=\"http:\/\/www.yellowcultureclub.com\/yellowcultureclub\/Paul_Jorion.html\">YellowCultureClub.com<\/a><\/strong>.<\/p>\n<p><iframe loading=\"lazy\" src=\"https:\/\/www.dailymotion.com\/embed\/video\/xqij59\" width=\"700\" height=\"394\" frameborder=\"0\" allowfullscreen=\"allowfullscreen\"><\/iframe><\/p>\n<p>N.B. Je perds mon enseignement \u00e0 l&rsquo;Universit\u00e9 de Cambridge \u00e0 l&rsquo;\u00e2ge de 38 ans et non de 28 ans.<\/p>\n<p><iframe loading=\"lazy\" src=\"https:\/\/www.dailymotion.com\/embed\/video\/xqin0n\" width=\"700\" height=\"394\" frameborder=\"0\" allowfullscreen=\"allowfullscreen\"><\/iframe><\/p>\n","protected":false},"excerpt":{"rendered":"<p>Paul Jorion est, depuis le 1<sup>er<\/sup> mars 2016, Professeur associ\u00e9 des facult\u00e9s de l\u2019Universit\u00e9 Catholique de Lille. Il est depuis juin 2022, Pr\u00e9sident de la start-up d&rsquo;Intelligence Artificielle, Pribor.io. Il est \u00e9galement chroniqueur au magazine\u00a0<em>Quinzaines<\/em>.<\/p>\n<p>Paul Jorion a fait partie autrefois du Haut comit\u00e9 pour l\u2019avenir du secteur financier belge ainsi que du Groupe de [&hellip;]<\/p>\n","protected":false},"author":1,"featured_media":0,"parent":0,"menu_order":1,"comment_status":"closed","ping_status":"closed","template":"","meta":{"_crdt_document":"","footnotes":""},"class_list":["post-390","page","type-page","status-publish","hentry"],"_links":{"self":[{"href":"https:\/\/www.pauljorion.com\/blog\/wp-json\/wp\/v2\/pages\/390","targetHints":{"allow":["GET"]}}],"collection":[{"href":"https:\/\/www.pauljorion.com\/blog\/wp-json\/wp\/v2\/pages"}],"about":[{"href":"https:\/\/www.pauljorion.com\/blog\/wp-json\/wp\/v2\/types\/page"}],"author":[{"embeddable":true,"href":"https:\/\/www.pauljorion.com\/blog\/wp-json\/wp\/v2\/users\/1"}],"replies":[{"embeddable":true,"href":"https:\/\/www.pauljorion.com\/blog\/wp-json\/wp\/v2\/comments?post=390"}],"version-history":[{"count":66,"href":"https:\/\/www.pauljorion.com\/blog\/wp-json\/wp\/v2\/pages\/390\/revisions"}],"predecessor-version":[{"id":141986,"href":"https:\/\/www.pauljorion.com\/blog\/wp-json\/wp\/v2\/pages\/390\/revisions\/141986"}],"wp:attachment":[{"href":"https:\/\/www.pauljorion.com\/blog\/wp-json\/wp\/v2\/media?parent=390"}],"curies":[{"name":"wp","href":"https:\/\/api.w.org\/{rel}","templated":true}]}}